are the prime factors of 3985767?
3, 49207
What are the prime factors of 3356000?
2, 5, 839
List the prime factors of 200299.
11, 131, 139
What are the prime factors of 9508065?
3, 5, 7, 83, 1091
List the prime factors of 14835481.
41, 487, 743
List the prime factors of 483872.
2, 15121
What are the prime factors of 5793299?
5793299
What are the prime factors of 14323658?
2, 349, 20521
What are the prime factors of 715533?
3, 7, 13, 2621
List the prime factors of 1925245.
5, 7, 67, 821
What are the prime factors of 18123020?
2, 5, 17, 151, 353
What are the prime factors of 75036?
2, 3, 13, 37
List the prime factors of 1235547.
3, 67, 683
What are the prime factors of 540061?
540061
What are the prime factors of 359058?
2, 3, 7, 83, 103
What are the prime factors of 142801?
61, 2341
What are the prime factors of 418851?
3, 5171
List the prime factors of 125801.
13, 9677
What are the prime factors of 714034?
2, 17, 21001
What are the prime factors of 201195?
3, 5, 17, 263
List the prime factors of 741453.
3, 59, 71
What are the prime factors of 3402319?
3402319
List the prime factors of 904722.
2, 3, 7, 13, 1657
What are the prime factors of 3191912?
2, 398989
What are the prime factors of 4120054?
2, 761, 2707
What are the prime factors of 445684?
2, 67, 1663
What are the prime factors of 12932369?
19, 680651
List the prime factors of 4680341.
1187, 3943
List the prime factors of 4577934.
2, 3, 762989
What are the prime factors of 13211555?
5, 7, 19, 19867
List the prime factors of 344259.
3, 29, 1319
What are the prime factors of 1371050?
2, 5, 17, 1613
What are the prime factors of 1041762?
2, 3, 23, 7549
What are the prime factors of 2932878?
2, 3, 13, 19, 1979
What are the prime factors of 13832675?
5, 443, 1249
What are the prime factors of 190706?
2, 17, 71, 79
What are the prime factors of 2184297?
3, 19, 38321
List the prime factors of 248973.
3, 37, 2243
What are the prime factors of 3310721?
3310721
List the prime factors of 1748939.
43, 89, 457
What are the prime factors of 4120399?
1709, 2411
What are the prime factors of 6360879?
3, 7, 101, 2999
What are the prime factors of 17862533?
13, 1374041
List the prime factors of 17502901.
13, 1346377
What are the prime factors of 1002886?
2, 47, 227
List the prime factors of 857784.
2, 3, 103, 347
List the prime factors of 3185224.
2, 7, 23, 2473
What are the prime factors of 1406313?
3, 156257
List the prime factors of 6370967.
6370967
List the prime factors of 969466.
2, 484733
What are the prime factors of 753028?
2, 79, 2383
What are the prime factors of 4201418?
2, 13, 283, 571
What are the prime factors of 18931346?
2, 7, 23, 37, 227
What are the prime factors of 1460092?
2, 29, 41, 307
What are the prime factors of 18981883?
79, 241, 997
List the prime factors of 2007003.
3, 17, 23, 29, 59
List the prime factors of 187390.
2, 5, 7, 2677
List the prime factors of 1234732.
2, 23, 13421
List the prime factors of 257454.
2, 3, 14303
List the prime factors of 204387.
3, 193, 353
What are the prime factors of 21019886?
2, 10509943
What are the prime factors of 2257508?
2, 11, 51307
What are the prime factors of 881249?
881249
What are the prime factors of 223889?
241, 929
List the prime factors of 1454427.
3, 13, 31, 401
List the prime factors of 5025943.
13, 386611
What are the prime factors of 1706360?
2, 5, 29, 1471
What are the prime factors of 3769666?
2, 1884833
List the prime factors of 11669125.
5, 13, 43, 167
List the prime factors of 5568240.
2, 3, 5, 23201
What are the prime factors of 96146?
2, 48073
List the prime factors of 1557920.
2, 5, 7, 13, 107
List the prime factors of 18250799.
7, 23, 113359
List the prime factors of 832301.
23, 36187
What are the prime factors of 4199916?
2, 3, 7, 49999
List the prime factors of 8680684.
2, 41, 1291
List the prime factors of 1135239.
3, 7, 54059
List the prime factors of 7693888.
2, 239, 503
List the prime factors of 22731142.
2, 7, 17, 149, 641
List the prime factors of 9436594.
2, 151, 31247
What are the prime factors of 1935889?
1935889
What are the prime factors of 2308877?
263, 8779
What are the prime factors of 649933?
19, 79, 433
What are the prime factors of 517477?
23, 149, 151
What are the prime factors of 14239870?
2, 5, 29, 49103
List the prime factors of 9675914.
2, 883, 5479
List the prime factors of 3747593.
71, 52783
List the prime factors of 686095.
5, 137219
What are the prime factors of 5557828?
2, 101, 13757
List the prime factors of 4060149.
3, 1353383
What are the prime factors of 20808852?
2, 3, 1734071
List the prime factors of 1658002.
2, 829001
List the prime factors of 1184884.
2, 296221
What are the prime factors of 1447003?
1447003
List the prime factors of 1019468.
2, 281, 907
List the prime factors of 246680.
2, 5, 7, 881
List the prime factors of 177749.
11, 13, 113
List the prime factors of 532658.
2, 7, 38047
List the prime factors of 10007959.
13, 541, 1423
List the prime factors of 17433152.
2, 11, 24763
What are the prime factors of 2061784?
2, 29, 8887
What are the prime factors of 18438345?
3, 5, 29, 71, 199
What are the prime factors of 70389?
3, 11, 79
What are the prime factors of 306781?
306781
What are the prime factors of 530073?
3, 58897
What are the prime factors of 3234218?
2, 13, 19, 6547
List the prime factors of 440065.
5, 283, 311
List the prime factors of 10283200.
2, 5, 6427
List the prime factors of 382123.
7, 79, 691
What are the prime factors of 2527718?
2, 61, 20719
What are the prime factors of 676111?
676111
List the prime factors of 1237705.
5, 7, 35363
What are the prime factors of 24624074?
2, 29, 457, 929
List the prime factors of 1058999.
1058999
What are the prime factors of 585564?
2, 3, 7, 6971
What are the prime factors of 2557766?
2, 983, 1301
List the prime factors of 2193845.
5, 438769
List the prime factors of 3709037.
1193, 3109
What are the prime factors of 219423?
3, 73141
What are the prime factors of 8827594?
2, 4413797
What are the prime factors of 44415088?
2, 2775943
List the prime factors of 943836.
2, 3, 78653
List the prime factors of 172868.
2, 23, 1879
List the prime factors of 436332.
2, 3, 13, 2797
List the prime factors of 135393.
3, 45131
List the prime factors of 7044888.
2, 3, 109, 2693
What are the prime factors of 69643?
7, 9949
What are the prime factors of 3809844?
2, 3, 105829
List the prime factors of 775029.
3, 19, 13597
List the prime factors of 12614640.
2, 3, 5, 52561
List the prime factors of 93883.
223, 421
What are the prime factors of 7363511?
79, 83, 1123
List the prime factors of 322602.
2, 3, 7, 7681
What are the prime factors of 9388378?
2, 1747, 2687
List the prime factors of 610619.
610619
What are the prime factors of 24574306?
2, 12287153
What are the prime factors of 10855925?
5, 434237
What are the prime factors of 1024907?
13, 78839
What are the prime factors of 251990?
2, 5, 113, 223
What are the prime factors of 186160?
2, 5, 13, 179
List the prime factors of 18155372.
2, 23, 197341
What are the prime factors of 889037?
889037
What are the prime factors of 47746?
2, 23873
List the prime factors of 77894.
2, 17, 29, 79
List the prime factors of 69654.
2, 3, 13, 19, 47
What are the prime factors of 19345?
5, 53, 73
What are the prime factors of 270501?
3, 7, 11, 1171
What are the prime factors of 79355?
5, 59, 269
List the prime factors of 125627.
125627
List the prime factors of 2065219.
13, 158863
List the prime factors of 199726.
2, 37, 2699
List the prime factors of 1388500.
2, 5, 2777
List the prime factors of 31771243.
7, 4538749
What are the prime factors of 742730?
2, 5, 17, 257
List the prime factors of 109730.
2, 5, 10973
What are the prime factors of 17075532?
2, 3, 1422961
What are the prime factors of 6417710?
2, 5, 13, 49367
What are the prime factors of 426740?
2, 5, 19, 1123
List the prime factors of 30122790.
2, 3, 5, 19, 43, 1229
What are the prime factors of 9843308?
2, 2460827
What are the prime factors of 28025878?
2, 41, 131, 2609
List the prime factors of 11303633.
11, 59, 17417
What are the prime factors of 11040111?
3, 41, 9973
What are the prime factors of 1223227?
1103, 1109
What are the prime factors of 307484?
2, 76871
List the prime factors of 2194778.
2, 29, 79, 479
What are the pri